Let w(s) = 7*s**3 + 4*s**2 + 8*s + 4. Let q(i) = 6*i**3 + 4*i**2 + 7*i + 3. Let g(u) = 6*q(u) - 5*w(u). Calculate g(-2).
2
Let i be 6/27 + 68/18. Let h(m) = -m**2 + 5*m + 3. Determine h(i).
7
Let v(c) = c**2 + 4*c + 2. Let u(k) = -k + 8. Let w be (12/10)/(1/5). Let i be u(w). Suppose -3*l = 5*g - 10*g - 10, 0 = -i*l + g - 5. Determine v(l).
7
Let s(p) = 4 + p**2 - 9 - 4*p + 0*p**2. Calculate s(5).
0
Let r(u) be the third derivative of u**5/60 + u**4/8 - 34*u**2. Calculate r(-4).
4
Let z(a) be the second derivative of a**6/120 + a**5/30 - a**4/8 + a**3/6 + 3*a**2/2 + 4*a. Let u(v) be the first derivative of z(v). Determine u(2).
11
Let a(y) = -3*y**3 + y**2 - 4. Let b(c) = 5*c**3 - c**2 + 6. Let v(s) = -8*a(s) - 5*b(s). Determine v(-4).
18
Let m(x) be the second derivative of x**3/3 - 3*x**2 + 2*x. Let p(l) = -l**3 + 7*l**2 - 6*l + 5. Let q be p(6). Determine m(q).
4
Let r(w) = 2*w + 2. Suppose 2*h = 5*z + 32, 3*h - z - 14 = -2*z. Suppose 5*m + 4 + h = 0. Let v be -4*(m - 5/(-4)). Calculate r(v).
8
Let c(x) = 20*x**2 - 28*x**2 - 3 - x**3 + 1 - 8*x. Let w(l) = -l**3 + 9*l**2 - 2*l + 11. Let n be w(9). What is c(n)?
5
Let z(c) = c**2 - 5*c + 4. Let b be (0 + 2)*5/(-2). Let j = b + 8. Let p be ((-3)/(-5))/(j/15). Determine z(p).
-2
Let y(w) be the first derivative of -w**3/3 + 4*w**2 - 6*w + 45. Suppose 0 = -3*s - c + 4*c + 33, -3*c - 15 = 0. Give y(s).
6
Let w = 48 - 43. Let m(z) = -z**2 + 5*z + 3. What is m(w)?
3
Let w = -37 + 31. Let d(p) = p - 1. Let s(o) = 4*o + 4. Let a(g) = 3*d(g) - s(g). Calculate a(w).
-1
Let g = 6 - 2. Let o(s) = -7 - s**2 + g*s + 6 + 5. Calculate o(4).
4
Let a(b) be the third derivative of 0*b - 5/6*b**3 - 1/12*b**4 - b**2 + 0. Determine a(-4).
3
Let n(k) = k**3 + 7*k**2 - k. Let c be n(-7). Let l(o) = 3 - 2 + 0 - c*o. Determine l(1).
-6
Let y(i) = i**3 + 3*i**2 - 3*i - 1. Let v be 4/(1/(-1 + 2)). Let m be (v/(-3))/(4/(-6)). Suppose m*f = 0, 4*g + 3*f = 4*f - 12. Determine y(g).
8
Let a(j) be the second derivative of -j**3/6 + 5*j**2/2 - 2*j. Suppose 3*l + 0*l = 0. Let c = 4 + l. Give a(c).
1
Suppose 18*o - 8 = -44. Let a(m) = m**2 + 2*m + 3. Determine a(o).
3
Let c be (1/3)/(1/51). Suppose 4*s = c + 3, -n - 4*s = -23. Let x(f) = -f**3 + 4*f**2 + f + 1. Determine x(n).
13
Let f(m) = m**2 + 2*m. Suppose -7*w + 10*w = -9. Determine f(w).
3
Let o(v) = -2*v. Let y(g) = g**3 + 7*g**2 - 1. Let x be y(-7). Calculate o(x).
2
Suppose 3*j + 5*i = -11 - 0, 3*i = 3*j + 3. Let x(z) = -2*z - 2. Determine x(j).
2
Let c be ((-18)/21)/((-12)/42). Let p(b) = -3*b + 4. Determine p(c).
-5
Let t(q) = -q - 1. Let c(b) = b + 2. Let z(n) = 4*c(n) + 3*t(n). Let i = 7 - 3. Let p = 4 - i. What is z(p)?
5
Let p(d) = -10*d + 0*d + 7*d - 4. Let w = -7 + 4. What is p(w)?
5
Let u(g) = g + 1. Let f(j) = j**3 - 4*j**2 + 4*j + 4. Let x be f(3). Give u(x).
8
Let h(b) be the first derivative of -2*b**2 - 4*b + 11. Let n(w) = w**2 + 2*w + 2. Let r be n(-3). Suppose -r = 2*y + 1. What is h(y)?
8
Let p = 0 - -4. Let a(v) = -v**3 + 5*v**2 - 3*v. Let u be a(p). Let b(f) = 0 + 9*f**2 - u*f**2 + 1 - f**3. Give b(5).
1
Let f(w) = -3*w + 6. Let l(b) = b**3 - b + 4. Suppose 0*i - 2*i = 0. Let c be l(i). Suppose -22 = -c*x - 6. Give f(x).
-6
Let p(m) be the first derivative of -2*m**5/15 - m**4/24 + m**2 + 2. Let z(i) be the second derivative of p(i). What is z(-1)?
-7
Let t be 15*(16/(-10) - -2). Let c(a) = 96*a - 190*a + 98*a - a**2. Give c(t).
-12
Let x be (-2)/(-5) - (-24)/15. Let h be -1 - (2 - 10)/x. Let r(u) = h + 5*u - 4 + 3 + u**2. Determine r(-4).
-2
Let v(t) be the second derivative of t**4/4 + t**3/2 + t**2/2 + t. Determine v(-2).
7
Let p be 5 - (-2 - (1 - 3)). Let f be 40/25 + 4/10. Let s(a) = -2*a - 5 - a + 2*a + f*a. Determine s(p).
0
Let g(q) = -q + 7. Suppose -r + 10 = -4. Let a = r + -9. Determine g(a).
2
Suppose -2*p - 4*k + 4 = 0, 13 = 2*p - 0*k - 5*k. Suppose 0*j + p = -2*j. Let w(v) = v**2 - v. What is w(j)?
6
Suppose -3*u - 7 = 11. Let j(h) = h**2 + 4*h - 8. Give j(u).
4
Let y(g) = g**3 + 7*g**2 + 5*g + 3. Let j be y(-6). Let u be j/15 + 2/5. Let r(p) = -6*p - u + 4*p - 4*p. What is r(1)?
-7
Let m(b) = b**2 + 8*b + 15. Let v be m(-6). Let o(l) = 7*l - 1. Let d(x) = -4*x + 1. Let q(p) = v*o(p) + 5*d(p). Give q(6).
8
Let d(p) = 9*p**2 - 3 + p + 0 + 3*p - 6. Let o(n) = 5*n**2 + 2*n - 5. Let q(k) = 3*d(k) - 5*o(k). Calculate q(2).
10
Let r(h) = 4*h + 5*h**2 - 7 + 0 + 0*h**3 + 4*h**3. Let k(m) = m**3 + m - 1. Let y be (-4 + 0 + -1)/(-1). Let g(a) = y*k(a) - r(a). Give g(5).
7
Let b(p) = 6*p + 8. Let w(y) = 13*y + 17. Let s(a) = 9*b(a) - 4*w(a). Give s(-3).
-2
Let p(g) = -9*g - 1. Let w(m) = m**3 - 7*m**2 + 5*m + 6. Let t be w(6). Suppose -2*o + t*o = 2. Determine p(o).
8
Let t be (-4)/26 - (-60)/52. Let j be 132/21 - 2/7. Let h(o) = -2 + 3 - 2*o - j*o. Determine h(t).
-7
Let n(q) = q**2 - 3*q + 1. Let x be n(4). Suppose -x*z + 25 = 3*i - z, -2*z = 4*i - 20. Let k(d) = d - 1 - 2*d**2 - 4*d + 2*d + d**i. Calculate k(2).
-3
Suppose -14 = -5*f + 26. Suppose f = 5*d - 12. Let u(b) be the first derivative of b**4/4 - b**3 - b**2/2 - 4*b + 18. Give u(d).
8
Suppose -6 = -m - m. Let v(a) be the second derivative of a + 1/2*a**m + 0 - 2*a**2. Determine v(3).
5
Let s(q) be the first derivative of -7*q**2/2 - q + 2. What is s(2)?
-15
Let o(a) = 11*a**2 - 6*a - 5. Suppose w - 11 + 1 = 4*k, 3*w - 2*k + 10 = 0. Let l(b) = b - b**2 + 0*b**2 + 1 + 0*b. Let m(v) = w*l(v) - o(v). What is m(1)?
-6
Let h(d) = d**3 + 4*d**2 - 4*d - 2. Let p(j) = 3*j**3 + 11*j**2 - 11*j - 5. Suppose -3*r - 51 = -0*r. Let v = r + 6. Let u(z) = v*h(z) + 4*p(z). What is u(-2)?
-6
Suppose 13 = -3*t - 4*n - 7, -2*t = -n + 6. Let k(c) = -6*c - 5. What is k(t)?
19
Let m = 16 + -12. Let p be (0/2)/(-2 - -3). Suppose p = -2*k - m - 0. Let v(a) = -2*a - 1. Calculate v(k).
3
Let k(v) = -v - 2. Let y be (2 + -2 + -1)/((-16)/64). Give k(y).
-6
Let z(t) = t - 13 + 25 - 15. Calculate z(9).
6
Let y(l) be the first derivative of -l**2 - l - 1. Suppose -3*k = 3*i + 27 - 9, 5*i = 2*k - 9. Determine y(i).
5
Let w(f) = f - 2. Suppose 3*u = -4*u + 14. What is w(u)?
0
Let g = 84 - 88. Let a(i) be the second derivative of i**7/2520 + i**6/144 + i**5/24 + i**4/6 + 2*i. Let y(q) be the third derivative of a(q). Calculate y(g).
1
Let n(r) = -r**2 + 3*r. Suppose 4*i + 2*l = 22, 1 = 3*l - 2. Let h(k) = k - 3. Let m be h(i). What is n(m)?
2
Let c(i) = 2*i + 7. Suppose 2*b = 3*x - 15, 0 = 2*x - 5 + 3. Give c(b).
-5
Let y(b) be the first derivative of -173 + 182 + 0*b**2 + b**2. Let f be (-1)/(-3) - (-26)/(-6). What is y(f)?
-8
Let y(t) be the first derivative of t**3 - t**2/2 + t - 2. Let o(k) be the first derivative of y(k). Let r = -3 - -4. Determine o(r).
5
Let b(c) = 2*c - 3. Let h(o) = -3*o + 6. Let s(f) = -5*b(f) - 3*h(f). Let g be 4 - -4 - (2 + 0). Let m be (-32)/g + 7/21. Give s(m).
2
Let f(c) = c + 6. Let y be f(-6). Let k(t) = -1 + t + 23*t**2 + t**3 - 23*t**2. What is k(y)?
-1
Let r = -11 + 3. Let y = r - -9. Let l(g) = -5*g**2 - g. Determine l(y).
-6
Let n(s) = -21*s + 7*s + 13*s. Suppose -1 - 1 = 2*z. Calculate n(z).
1
Let j = -45 + 36. Let p(z) = z + 8. Calculate p(j).
-1
Let u be ((-6)/(-9))/(1/3). Let x be -2*u/(-8)*6. Let o(y) = -1 - 4*y + x*y + 2*y**2 - 4*y + 4*y. What is o(3)?
14
Let j(w) = -w**3 + w**2 + 4*w - 2. Let k(u) = u**3 + 6*u**2 + 5*u + 3. Let z be k(-5). Determine j(z).
-8
Let f(v) = -3*v**2. Suppose -3*l = 2*l - 45. Let o = l + -8. Give f(o).
-3
Let d(q) be the first derivative of q**3/3 + 4*q**2 + 23. What is d(-9)?
9
Let i(y) = -3. Let f(n) = -n + 1. Let k(j) = f(j) - i(j). Let h(m) = -1. Let t(g) = -6*h(g) - 2*k(g). Calculate t(2).
2
Let m(c) = 6*c. Suppose -x + 0*x = -5*j + 33, 5*j + 3*x = 21. Suppose -3*u + j*u = 3. Give m(u).
6
Let y be 2/(-8) + 12/(-16). Let g(p) = p**3 - 2*p - 1. Give g(y).
0
Suppose -9 = 4*b - 21. Suppose 4*m + i + b*i = 0, -2*m = -3*i + 5. Let g(w) = w. What is g(m)?
-1
Let r(s) = s**3 - 10*s**2 - 11*s - 3. Let p be r(11). Let w(i) = -i**2 + 1. Calculate w(p).
-8
Let g(j) = -10*j + 12. Let s(z) = -z + 1. Let n(m) = g(m) - 6*s(m). Determine n(7).
-22
Let d(t) = 15*t. Let u(v) = -8*v. Suppose m + 9 = 4. Let o(l) = m*u(l) - 3*d(l). Suppose 3*s - 6 = -a, -4*s + 4*a - 5 = a. Give o(s).
-5
Let n(b) be the first derivative of -b**3/3 + b**2/2 + 2*b + 8. What is n(